{"id":32,"date":"2017-11-29T13:52:48","date_gmt":"2017-11-29T12:52:48","guid":{"rendered":"http:\/\/ecolesainteuniontournai.be\/?page_id=32"},"modified":"2023-01-21T15:22:05","modified_gmt":"2023-01-21T14:22:05","slug":"dates-a-retenir","status":"publish","type":"page","link":"https:\/\/ecolesainteuniontournai.be\/?page_id=32","title":{"rendered":"Dates \u00e0 retenir"},"content":{"rendered":"<p><strong>\u00a0Vendredi 17 f\u00e9vrier : cong\u00e9 p\u00e9dagogique\u00a0 pour toute l&rsquo;\u00e9cole\u00a0<\/strong><\/p>\n<p><strong>Lundi 20 mars : cong\u00e9 p\u00e9dagogique pour toute l&rsquo;\u00e9cole<\/strong><\/p>\n<p><strong>Mardi 4 avril: cong\u00e9 p\u00e9dagogique pour toute l&rsquo;\u00e9cole<\/strong>.<\/p>\n<p>&nbsp;<\/p>\n<p><strong><span style=\"text-decoration: underline;\">\u00a0Vendredi 10 mars : souper \u00a0\u00bb planchettes\u00a0\u00bb<br \/>\n<\/span><\/strong><\/p>\n<p><strong><span style=\"text-decoration: underline;\">samedi 3 juin <\/span>: \u00ab\u00a0Les Campeaux en f\u00eate\u00a0\u00bb\u00a0 f\u00eate annuelle de l&rsquo;\u00e9cole fondamentale<\/strong><\/p>\n<div id=\"optionmailtomodalPopupTo\" style=\"z-index: 1102;\">\n<div id=\"optionmailtomodalContentMail\">\n<div id=\"optionmailtotoMail\"><\/div>\n<div id=\"optionmailtotoPopup\">What do you want to do ?<\/div>\n<p><a id=\"optionmailtocreateButtonEmail\"><\/a>New mail<button id=\"optionmailtobuttonCopy\">Copy<\/button><textarea id=\"optionmailtocopyToText\"><\/textarea><\/p>\n<\/div>\n<\/div>\n<div><img \/><\/div>\n","protected":false},"excerpt":{"rendered":"<p>\u00a0Vendredi 17 f\u00e9vrier : cong\u00e9 p\u00e9dagogique\u00a0 pour toute l&rsquo;\u00e9cole\u00a0 Lundi 20 mars : cong\u00e9 p\u00e9dagogique pour toute l&rsquo;\u00e9cole Mardi 4 avril: cong\u00e9 p\u00e9dagogique pour toute l&rsquo;\u00e9cole. &nbsp; \u00a0Vendredi 10 mars : souper \u00a0\u00bb planchettes\u00a0\u00bb samedi 3 juin : \u00ab\u00a0Les Campeaux&hellip; <br \/><a class=\"read-more-button\" href=\"https:\/\/ecolesainteuniontournai.be\/?page_id=32\">Savoir plus<\/a><\/p>\n","protected":false},"author":3,"featured_media":0,"parent":0,"menu_order":0,"comment_status":"closed","ping_status":"closed","template":"","meta":[],"_links":{"self":[{"href":"https:\/\/ecolesainteuniontournai.be\/index.php?rest_route=\/wp\/v2\/pages\/32"}],"collection":[{"href":"https:\/\/ecolesainteuniontournai.be\/index.php?rest_route=\/wp\/v2\/pages"}],"about":[{"href":"https:\/\/ecolesainteuniontournai.be\/index.php?rest_route=\/wp\/v2\/types\/page"}],"author":[{"embeddable":true,"href":"https:\/\/ecolesainteuniontournai.be\/index.php?rest_route=\/wp\/v2\/users\/3"}],"replies":[{"embeddable":true,"href":"https:\/\/ecolesainteuniontournai.be\/index.php?rest_route=%2Fwp%2Fv2%2Fcomments&post=32"}],"version-history":[{"count":9,"href":"https:\/\/ecolesainteuniontournai.be\/index.php?rest_route=\/wp\/v2\/pages\/32\/revisions"}],"predecessor-version":[{"id":5566,"href":"https:\/\/ecolesainteuniontournai.be\/index.php?rest_route=\/wp\/v2\/pages\/32\/revisions\/5566"}],"wp:attachment":[{"href":"https:\/\/ecolesainteuniontournai.be\/index.php?rest_route=%2Fwp%2Fv2%2Fmedia&parent=32"}],"curies":[{"name":"wp","href":"https:\/\/api.w.org\/{rel}","templated":true}]}}

Dates à retenir

<p><strong> Vendredi 17 février : congé pédagogique  pour toute l&rsquo;école </strong></p>
<p><strong>Lundi 20 mars : congé pédagogique pour toute l&rsquo;école</strong></p>
<p><strong>Mardi 4 avril: congé pédagogique pour toute l&rsquo;école</strong>.</p>
<p>&nbsp;</p>
<p><strong><span style="text-decoration: underline;"> Vendredi 10 mars : souper  » planchettes »<br />
</span></strong></p>
<p><strong><span style="text-decoration: underline;">samedi 3 juin </span>: « Les Campeaux en fête »  fête annuelle de l&rsquo;école fondamentale</strong></p>
<div id="optionmailtomodalPopupTo" style="z-index: 1102;">
<div id="optionmailtomodalContentMail">
<div id="optionmailtotoMail"></div>
<div id="optionmailtotoPopup">What do you want to do ?</div>
<p><a id="optionmailtocreateButtonEmail"></a>New mail<button id="optionmailtobuttonCopy">Copy</button><textarea id="optionmailtocopyToText"></textarea></p>
</div>
</div>
<div><img /></div>

<p> Vendredi 17 février : congé pédagogique  pour toute l&rsquo;école  Lundi 20 mars : congé pédagogique pour toute l&rsquo;école Mardi 4 avril: congé pédagogique pour toute l&rsquo;école. &nbsp;  Vendredi 10 mars : souper  » planchettes » samedi 3 juin : « Les Campeaux&hellip; <br /><a class="read-more-button" href="https://ecolesainteuniontournai.be/?page_id=32">Savoir plus</a></p>
