{"id":26,"date":"2017-11-29T13:51:24","date_gmt":"2017-11-29T12:51:24","guid":{"rendered":"http:\/\/ecolesainteuniontournai.be\/?page_id=26"},"modified":"2023-01-21T15:14:43","modified_gmt":"2023-01-21T14:14:43","slug":"lequipe","status":"publish","type":"page","link":"https:\/\/ecolesainteuniontournai.be\/?page_id=26","title":{"rendered":"L&rsquo;\u00e9quipe"},"content":{"rendered":"<h1 style=\"text-align: center;\"><span style=\"font-family: 'comic sans ms', sans-serif; color: #e6580b;\">Ann\u00e9e scolaire 2022-2023<\/span><\/h1>\n<p style=\"text-align: center;\"><span style=\"font-family: 'comic sans ms', sans-serif; color: #e6580b;\"><strong>ORGANISATION<\/strong><\/span><\/p>\n<p><span style=\"font-family: 'comic sans ms', sans-serif;\"><span style=\"color: #e6580b;\"><strong>Direction:\u00a0 <\/strong><\/span><strong>MMe Fran\u00e7oise Cl\u00e9ment<\/strong> <\/span><img decoding=\"async\" loading=\"lazy\" class=\"wp-image-1172 aligncenter\" src=\"http:\/\/ecolesainteuniontournai.be\/wp-content\/uploads\/2018\/11\/Fran\u00e7oise-jambes-courtes-383x600.jpg\" alt=\"\" width=\"144\" height=\"225\" \/><\/p>\n<p>&nbsp;<\/p>\n<p>&nbsp;<\/p>\n<p>&nbsp;<\/p>\n<p>&nbsp;<\/p>\n<p>&nbsp;<\/p>\n<p style=\"text-align: center;\"><span style=\"font-family: 'comic sans ms', sans-serif;\"><strong><span style=\"color: #e6580b;\">Secr\u00e9tariat:<\/span>\u00a0<\/strong>Pour la facturat<\/span><span style=\"font-family: 'comic sans ms', sans-serif;\">ion et l\u2019administratif\u00a0: <strong>Mmes Vanessa et Oriane<br \/>\n<\/strong><\/span><\/p>\n<p>&nbsp;<\/p>\n<p>&nbsp;<\/p>\n<p style=\"text-align: center;\"><span style=\"font-family: 'comic sans ms', sans-serif; font-size: 12pt; color: #ff9900;\"><strong><u>3 classes en maternelle:<\/u><\/strong><\/span><\/p>\n<ul>\n<li><span style=\"font-family: 'comic sans ms', sans-serif;\"><strong><span style=\"color: #e6580b;\">Accueil \u2013 M1:<\/span> Mme V\u00e9ronique Meyrant et Mme Marina De Carvalho Mendes<\/strong><br \/>\n<\/span><\/li>\n<\/ul>\n<p>&nbsp;<\/p>\n<ul>\n<li><span style=\"font-family: 'comic sans ms', sans-serif;\"><strong><span style=\"color: #e6580b;\">M2:<\/span><\/strong> <strong>Mme Marina De Carvalho Mendes<\/strong><img decoding=\"async\" loading=\"lazy\" class=\"wp-image-1162 aligncenter\" src=\"http:\/\/ecolesainteuniontournai.be\/wp-content\/uploads\/2018\/11\/Marina-450x600.jpg\" alt=\"\" width=\"120\" height=\"160\" srcset=\"https:\/\/ecolesainteuniontournai.be\/wp-content\/uploads\/2018\/11\/Marina-450x600.jpg 450w, https:\/\/ecolesainteuniontournai.be\/wp-content\/uploads\/2018\/11\/Marina.jpg 720w\" sizes=\"(max-width: 120px) 100vw, 120px\" \/><\/span><\/li>\n<li><span style=\"font-family: 'comic sans ms', sans-serif;\"><strong><span style=\"color: #e6580b;\">M3:<\/span><\/strong> <strong>Mme C\u00e9line Tonneau<\/strong><br \/>\n<\/span><\/li>\n<\/ul>\n<p>&nbsp;<\/p>\n<p>&nbsp;<\/p>\n<p>&nbsp;<\/p>\n<p>&nbsp;<\/p>\n<p>&nbsp;<\/p>\n<p>&nbsp;<\/p>\n<ul>\n<li><span style=\"font-family: 'comic sans ms', sans-serif;\"><strong><span style=\"color: #e6580b;\">Psychomotricien:<\/span><\/strong> <strong>Mr Geoffrey Verrue<\/strong><img decoding=\"async\" loading=\"lazy\" class=\"wp-image-1157 aligncenter\" src=\"http:\/\/ecolesainteuniontournai.be\/wp-content\/uploads\/2018\/11\/Geoffrey-450x600.jpg\" alt=\"\" width=\"120\" height=\"160\" srcset=\"https:\/\/ecolesainteuniontournai.be\/wp-content\/uploads\/2018\/11\/Geoffrey-450x600.jpg 450w, https:\/\/ecolesainteuniontournai.be\/wp-content\/uploads\/2018\/11\/Geoffrey.jpg 720w\" sizes=\"(max-width: 120px) 100vw, 120px\" \/><\/span><\/li>\n<\/ul>\n<p>&nbsp;<\/p>\n<p style=\"text-align: center;\"><span style=\"font-family: 'comic sans ms', sans-serif; font-size: 12pt; color: #ff9900;\"><strong><u>6 classes en primaire:<\/u><\/strong><\/span><\/p>\n<ul>\n<li><span style=\"font-family: 'comic sans ms', sans-serif;\"><strong><span style=\"color: #e6580b;\">P1: <\/span><\/strong>\u00a0<strong>Mme Rachel Lenain , Mme Marie Maurizi <\/strong><\/span><\/li>\n<\/ul>\n<p><img decoding=\"async\" loading=\"lazy\" class=\"\" draggable=\"false\" src=\"http:\/\/ecolesainteuniontournai.be\/wp-content\/uploads\/2018\/11\/Rachel-courte-450x600.jpg\" alt=\"\" width=\"140\" height=\"187\" \/><img decoding=\"async\" loading=\"lazy\" class=\"alignleft\" draggable=\"false\" src=\"http:\/\/ecolesainteuniontournai.be\/wp-content\/uploads\/2018\/11\/Marie-Courte-382x600.jpg\" alt=\"\" width=\"115\" height=\"181\" \/><\/p>\n<ul>\n<li><span style=\"font-family: 'comic sans ms', sans-serif;\"><strong><span style=\"color: #e6580b;\">P2:\u00a0<\/span>Mme Delphine Delzenne et Mme Charlotte Keunebrock<\/strong><\/span><\/li>\n<\/ul>\n<p>&nbsp;<\/p>\n<p>&nbsp;<\/p>\n<p>&nbsp;<\/p>\n<p>&nbsp;<\/p>\n<p>&nbsp;<\/p>\n<p>&nbsp;<\/p>\n<ul>\n<li><span style=\"font-family: 'comic sans ms', sans-serif;\"><span style=\"color: #e6580b;\"><strong>P3:<\/strong><\/span>\u00a0<strong>Mme Tiphaine L\u00e9onard<\/strong><\/span><\/li>\n<li><span style=\"font-family: 'comic sans ms', sans-serif;\"><strong><span style=\"color: #e6580b;\">P4:<\/span> Mme Brigitte Deknudt <\/strong><\/span><span style=\"font-family: 'comic sans ms', sans-serif;\"><img decoding=\"async\" loading=\"lazy\" class=\"wp-image-1156 aligncenter\" src=\"http:\/\/ecolesainteuniontournai.be\/wp-content\/uploads\/2018\/11\/brigitte-450x600.jpg\" alt=\"\" width=\"120\" height=\"160\" srcset=\"https:\/\/ecolesainteuniontournai.be\/wp-content\/uploads\/2018\/11\/brigitte-450x600.jpg 450w, https:\/\/ecolesainteuniontournai.be\/wp-content\/uploads\/2018\/11\/brigitte.jpg 720w\" sizes=\"(max-width: 120px) 100vw, 120px\" \/><\/span><\/li>\n<li><span style=\"font-family: 'comic sans ms', sans-serif;\"><strong><span style=\"color: #e6580b;\">P5:<\/span> MmeErika Gecse<\/strong><\/span><\/li>\n<\/ul>\n<p>&nbsp;<\/p>\n<p>&nbsp;<\/p>\n<p>&nbsp;<\/p>\n<p>&nbsp;<\/p>\n<p>&nbsp;<\/p>\n<ul>\n<li><span style=\"font-family: 'comic sans ms', sans-serif;\"><strong><span style=\"color: #e6580b;\">P6:<\/span><\/strong> <strong>Mme S\u00e9gol\u00e8ne Lemoine<\/strong> et <strong>Mr Olivier Verheye<\/strong><\/span><\/li>\n<li><span style=\"font-family: 'comic sans ms', sans-serif;\"><strong><span style=\"color: #e6580b;\">Enseignants polyvalents:<\/span><\/strong>\u00a0 <strong>Mme Marie Maurizi<\/strong> et <strong>Mr Olivier<\/strong><\/span><\/li>\n<\/ul>\n<p><span style=\"font-family: 'comic sans ms', sans-serif;\">\u00a0 \u00a0 \u00a0 \u00a0 \u00a0 \u00a0 \u00a0 \u00a0 \u00a0 \u00a0 \u00a0 \u00a0 \u00a0 \u00a0 \u00a0 \u00a0 \u00a0 \u00a0 \u00a0 \u00a0 \u00a0 \u00a0<img decoding=\"async\" loading=\"lazy\" class=\"alignnone wp-image-1174\" src=\"http:\/\/ecolesainteuniontournai.be\/wp-content\/uploads\/2018\/11\/Marie-Courte-382x600.jpg\" alt=\"\" width=\"102\" height=\"160\" srcset=\"https:\/\/ecolesainteuniontournai.be\/wp-content\/uploads\/2018\/11\/Marie-Courte-382x600.jpg 382w, https:\/\/ecolesainteuniontournai.be\/wp-content\/uploads\/2018\/11\/Marie-Courte.jpg 573w\" sizes=\"(max-width: 102px) 100vw, 102px\" \/> <img decoding=\"async\" loading=\"lazy\" class=\"alignnone size-thumbnail wp-image-1164\" src=\"http:\/\/ecolesainteuniontournai.be\/wp-content\/uploads\/2018\/11\/Photos-profs-150x150.jpg\" alt=\"\" width=\"150\" height=\"150\" \/><\/span><\/p>\n<ul>\n<li><span style=\"font-family: 'comic sans ms', sans-serif;\"><strong><span style=\"color: #e6580b;\">Education physique:<\/span><\/strong> <strong>Mme Marie Mars<\/strong> <\/span><span style=\"font-family: 'comic sans ms', sans-serif;\">\u00a0\u00a0<strong> et Mr Geoffrey\u00a0<\/strong> \u00a0 \u00a0 \u00a0 \u00a0 \u00a0 \u00a0 \u00a0 \u00a0 \u00a0 \u00a0 \u00a0 <img decoding=\"async\" loading=\"lazy\" class=\"aligncenter wp-image-1157\" src=\"http:\/\/ecolesainteuniontournai.be\/wp-content\/uploads\/2018\/11\/Geoffrey-150x150.jpg\" alt=\"\" width=\"150\" height=\"150\" \/>\u00a0 \u00a0 \u00a0 \u00a0 \u00a0 \u00a0 \u00a0 \u00a0 \u00a0 \u00a0 \u00a0 \u00a0 \u00a0 \u00a0 \u00a0 \u00a0 \u00a0 \u00a0 \u00a0 \u00a0 \u00a0 \u00a0 \u00a0 \u00a0 \u00a0 \u00a0 \u00a0 \u00a0 \u00a0 \u00a0 \u00a0 \u00a0 \u00a0 \u00a0 \u00a0 \u00a0 \u00a0 \u00a0 \u00a0 \u00a0 \u00a0 \u00a0 <\/span><span style=\"font-family: 'comic sans ms', sans-serif;\">\u00a0 <img decoding=\"async\" loading=\"lazy\" class=\"alignnone wp-image-1160\" src=\"http:\/\/ecolesainteuniontournai.be\/wp-content\/uploads\/2018\/11\/marie-mars-450x600.jpg\" alt=\"\" width=\"120\" height=\"160\" srcset=\"https:\/\/ecolesainteuniontournai.be\/wp-content\/uploads\/2018\/11\/marie-mars-450x600.jpg 450w, https:\/\/ecolesainteuniontournai.be\/wp-content\/uploads\/2018\/11\/marie-mars.jpg 720w\" sizes=\"(max-width: 120px) 100vw, 120px\" \/><\/span><\/li>\n<li><span style=\"font-family: 'comic sans ms', sans-serif;\"><strong><span style=\"color: #e6580b;\">Seconde langue:<\/span><\/strong> <strong>Mme Val\u00e9rie Delannay<\/strong><\/span><\/li>\n<\/ul>\n<p>&nbsp;<\/p>\n<p><img decoding=\"async\" loading=\"lazy\" class=\"wp-image-1211 aligncenter\" src=\"http:\/\/ecolesainteuniontournai.be\/wp-content\/uploads\/2018\/11\/Delannoy-...-336x600.jpg\" alt=\"\" width=\"103\" height=\"184\" srcset=\"https:\/\/ecolesainteuniontournai.be\/wp-content\/uploads\/2018\/11\/Delannoy-...-336x600.jpg 336w, https:\/\/ecolesainteuniontournai.be\/wp-content\/uploads\/2018\/11\/Delannoy-....jpg 537w\" sizes=\"(max-width: 103px) 100vw, 103px\" \/><\/p>\n<div><\/div>\n<div id=\"optionmailtomodalPopupTo\" style=\"z-index: 1102;\">\n<div id=\"optionmailtomodalContentMail\">\n<div id=\"optionmailtotoMail\"><\/div>\n<div id=\"optionmailtotoPopup\"><\/div>\n<p>New mail<button id=\"optionmailtobuttonCopy\">Copy<\/button><textarea id=\"optionmailtocopyToText\"><\/textarea><\/p>\n<\/div>\n<\/div>\n<div><img \/><\/div>\n<p>&nbsp;<\/p>\n","protected":false},"excerpt":{"rendered":"<p>Ann\u00e9e scolaire 2022-2023 ORGANISATION Direction:\u00a0 MMe Fran\u00e7oise Cl\u00e9ment &nbsp; &nbsp; &nbsp; &nbsp; &nbsp; Secr\u00e9tariat:\u00a0Pour la facturation et l\u2019administratif\u00a0: Mmes Vanessa et Oriane &nbsp; &nbsp; 3 classes en maternelle: Accueil \u2013 M1: Mme V\u00e9ronique Meyrant et Mme Marina De Carvalho Mendes&hellip; <br \/><a class=\"read-more-button\" href=\"https:\/\/ecolesainteuniontournai.be\/?page_id=26\">Savoir plus<\/a><\/p>\n","protected":false},"author":3,"featured_media":0,"parent":0,"menu_order":0,"comment_status":"closed","ping_status":"closed","template":"","meta":[],"_links":{"self":[{"href":"https:\/\/ecolesainteuniontournai.be\/index.php?rest_route=\/wp\/v2\/pages\/26"}],"collection":[{"href":"https:\/\/ecolesainteuniontournai.be\/index.php?rest_route=\/wp\/v2\/pages"}],"about":[{"href":"https:\/\/ecolesainteuniontournai.be\/index.php?rest_route=\/wp\/v2\/types\/page"}],"author":[{"embeddable":true,"href":"https:\/\/ecolesainteuniontournai.be\/index.php?rest_route=\/wp\/v2\/users\/3"}],"replies":[{"embeddable":true,"href":"https:\/\/ecolesainteuniontournai.be\/index.php?rest_route=%2Fwp%2Fv2%2Fcomments&post=26"}],"version-history":[{"count":28,"href":"https:\/\/ecolesainteuniontournai.be\/index.php?rest_route=\/wp\/v2\/pages\/26\/revisions"}],"predecessor-version":[{"id":5565,"href":"https:\/\/ecolesainteuniontournai.be\/index.php?rest_route=\/wp\/v2\/pages\/26\/revisions\/5565"}],"wp:attachment":[{"href":"https:\/\/ecolesainteuniontournai.be\/index.php?rest_route=%2Fwp%2Fv2%2Fmedia&parent=26"}],"curies":[{"name":"wp","href":"https:\/\/api.w.org\/{rel}","templated":true}]}}

L&rsquo;équipe

<h1 style="text-align: center;"><span style="font-family: 'comic sans ms', sans-serif; color: #e6580b;">Année scolaire 2022-2023</span></h1>
<p style="text-align: center;"><span style="font-family: 'comic sans ms', sans-serif; color: #e6580b;"><strong>ORGANISATION</strong></span></p>
<p><span style="font-family: 'comic sans ms', sans-serif;"><span style="color: #e6580b;"><strong>Direction:  </strong></span><strong>MMe Françoise Clément</strong> </span><img decoding="async" loading="lazy" class="wp-image-1172 aligncenter" src="http://ecolesainteuniontournai.be/wp-content/uploads/2018/11/Françoise-jambes-courtes-383x600.jpg" alt="" width="144" height="225" /></p>
<p>&nbsp;</p>
<p>&nbsp;</p>
<p>&nbsp;</p>
<p>&nbsp;</p>
<p>&nbsp;</p>
<p style="text-align: center;"><span style="font-family: 'comic sans ms', sans-serif;"><strong><span style="color: #e6580b;">Secrétariat:</span> </strong>Pour la facturat</span><span style="font-family: 'comic sans ms', sans-serif;">ion et l’administratif : <strong>Mmes Vanessa et Oriane<br />
</strong></span></p>
<p>&nbsp;</p>
<p>&nbsp;</p>
<p style="text-align: center;"><span style="font-family: 'comic sans ms', sans-serif; font-size: 12pt; color: #ff9900;"><strong><u>3 classes en maternelle:</u></strong></span></p>
<ul>
<li><span style="font-family: 'comic sans ms', sans-serif;"><strong><span style="color: #e6580b;">Accueil – M1:</span> Mme Véronique Meyrant et Mme Marina De Carvalho Mendes</strong><br />
</span></li>
</ul>
<p>&nbsp;</p>
<ul>
<li><span style="font-family: 'comic sans ms', sans-serif;"><strong><span style="color: #e6580b;">M2:</span></strong> <strong>Mme Marina De Carvalho Mendes</strong><img decoding="async" loading="lazy" class="wp-image-1162 aligncenter" src="http://ecolesainteuniontournai.be/wp-content/uploads/2018/11/Marina-450x600.jpg" alt="" width="120" height="160" srcset="https://ecolesainteuniontournai.be/wp-content/uploads/2018/11/Marina-450x600.jpg 450w, https://ecolesainteuniontournai.be/wp-content/uploads/2018/11/Marina.jpg 720w" sizes="(max-width: 120px) 100vw, 120px" /></span></li>
<li><span style="font-family: 'comic sans ms', sans-serif;"><strong><span style="color: #e6580b;">M3:</span></strong> <strong>Mme Céline Tonneau</strong><br />
</span></li>
</ul>
<p>&nbsp;</p>
<p>&nbsp;</p>
<p>&nbsp;</p>
<p>&nbsp;</p>
<p>&nbsp;</p>
<p>&nbsp;</p>
<ul>
<li><span style="font-family: 'comic sans ms', sans-serif;"><strong><span style="color: #e6580b;">Psychomotricien:</span></strong> <strong>Mr Geoffrey Verrue</strong><img decoding="async" loading="lazy" class="wp-image-1157 aligncenter" src="http://ecolesainteuniontournai.be/wp-content/uploads/2018/11/Geoffrey-450x600.jpg" alt="" width="120" height="160" srcset="https://ecolesainteuniontournai.be/wp-content/uploads/2018/11/Geoffrey-450x600.jpg 450w, https://ecolesainteuniontournai.be/wp-content/uploads/2018/11/Geoffrey.jpg 720w" sizes="(max-width: 120px) 100vw, 120px" /></span></li>
</ul>
<p>&nbsp;</p>
<p style="text-align: center;"><span style="font-family: 'comic sans ms', sans-serif; font-size: 12pt; color: #ff9900;"><strong><u>6 classes en primaire:</u></strong></span></p>
<ul>
<li><span style="font-family: 'comic sans ms', sans-serif;"><strong><span style="color: #e6580b;">P1: </span></strong> <strong>Mme Rachel Lenain , Mme Marie Maurizi </strong></span></li>
</ul>
<p><img decoding="async" loading="lazy" class="" draggable="false" src="http://ecolesainteuniontournai.be/wp-content/uploads/2018/11/Rachel-courte-450x600.jpg" alt="" width="140" height="187" /><img decoding="async" loading="lazy" class="alignleft" draggable="false" src="http://ecolesainteuniontournai.be/wp-content/uploads/2018/11/Marie-Courte-382x600.jpg" alt="" width="115" height="181" /></p>
<ul>
<li><span style="font-family: 'comic sans ms', sans-serif;"><strong><span style="color: #e6580b;">P2: </span>Mme Delphine Delzenne et Mme Charlotte Keunebrock</strong></span></li>
</ul>
<p>&nbsp;</p>
<p>&nbsp;</p>
<p>&nbsp;</p>
<p>&nbsp;</p>
<p>&nbsp;</p>
<p>&nbsp;</p>
<ul>
<li><span style="font-family: 'comic sans ms', sans-serif;"><span style="color: #e6580b;"><strong>P3:</strong></span> <strong>Mme Tiphaine Léonard</strong></span></li>
<li><span style="font-family: 'comic sans ms', sans-serif;"><strong><span style="color: #e6580b;">P4:</span> Mme Brigitte Deknudt </strong></span><span style="font-family: 'comic sans ms', sans-serif;"><img decoding="async" loading="lazy" class="wp-image-1156 aligncenter" src="http://ecolesainteuniontournai.be/wp-content/uploads/2018/11/brigitte-450x600.jpg" alt="" width="120" height="160" srcset="https://ecolesainteuniontournai.be/wp-content/uploads/2018/11/brigitte-450x600.jpg 450w, https://ecolesainteuniontournai.be/wp-content/uploads/2018/11/brigitte.jpg 720w" sizes="(max-width: 120px) 100vw, 120px" /></span></li>
<li><span style="font-family: 'comic sans ms', sans-serif;"><strong><span style="color: #e6580b;">P5:</span> MmeErika Gecse</strong></span></li>
</ul>
<p>&nbsp;</p>
<p>&nbsp;</p>
<p>&nbsp;</p>
<p>&nbsp;</p>
<p>&nbsp;</p>
<ul>
<li><span style="font-family: 'comic sans ms', sans-serif;"><strong><span style="color: #e6580b;">P6:</span></strong> <strong>Mme Ségolène Lemoine</strong> et <strong>Mr Olivier Verheye</strong></span></li>
<li><span style="font-family: 'comic sans ms', sans-serif;"><strong><span style="color: #e6580b;">Enseignants polyvalents:</span></strong>  <strong>Mme Marie Maurizi</strong> et <strong>Mr Olivier</strong></span></li>
</ul>
<p><span style="font-family: 'comic sans ms', sans-serif;">                                           <img decoding="async" loading="lazy" class="alignnone wp-image-1174" src="http://ecolesainteuniontournai.be/wp-content/uploads/2018/11/Marie-Courte-382x600.jpg" alt="" width="102" height="160" srcset="https://ecolesainteuniontournai.be/wp-content/uploads/2018/11/Marie-Courte-382x600.jpg 382w, https://ecolesainteuniontournai.be/wp-content/uploads/2018/11/Marie-Courte.jpg 573w" sizes="(max-width: 102px) 100vw, 102px" /> <img decoding="async" loading="lazy" class="alignnone size-thumbnail wp-image-1164" src="http://ecolesainteuniontournai.be/wp-content/uploads/2018/11/Photos-profs-150x150.jpg" alt="" width="150" height="150" /></span></p>
<ul>
<li><span style="font-family: 'comic sans ms', sans-serif;"><strong><span style="color: #e6580b;">Education physique:</span></strong> <strong>Mme Marie Mars</strong> </span><span style="font-family: 'comic sans ms', sans-serif;">  <strong> et Mr Geoffrey </strong>                       <img decoding="async" loading="lazy" class="aligncenter wp-image-1157" src="http://ecolesainteuniontournai.be/wp-content/uploads/2018/11/Geoffrey-150x150.jpg" alt="" width="150" height="150" />                                                                                    </span><span style="font-family: 'comic sans ms', sans-serif;">  <img decoding="async" loading="lazy" class="alignnone wp-image-1160" src="http://ecolesainteuniontournai.be/wp-content/uploads/2018/11/marie-mars-450x600.jpg" alt="" width="120" height="160" srcset="https://ecolesainteuniontournai.be/wp-content/uploads/2018/11/marie-mars-450x600.jpg 450w, https://ecolesainteuniontournai.be/wp-content/uploads/2018/11/marie-mars.jpg 720w" sizes="(max-width: 120px) 100vw, 120px" /></span></li>
<li><span style="font-family: 'comic sans ms', sans-serif;"><strong><span style="color: #e6580b;">Seconde langue:</span></strong> <strong>Mme Valérie Delannay</strong></span></li>
</ul>
<p>&nbsp;</p>
<p><img decoding="async" loading="lazy" class="wp-image-1211 aligncenter" src="http://ecolesainteuniontournai.be/wp-content/uploads/2018/11/Delannoy-...-336x600.jpg" alt="" width="103" height="184" srcset="https://ecolesainteuniontournai.be/wp-content/uploads/2018/11/Delannoy-...-336x600.jpg 336w, https://ecolesainteuniontournai.be/wp-content/uploads/2018/11/Delannoy-....jpg 537w" sizes="(max-width: 103px) 100vw, 103px" /></p>
<div></div>
<div id="optionmailtomodalPopupTo" style="z-index: 1102;">
<div id="optionmailtomodalContentMail">
<div id="optionmailtotoMail"></div>
<div id="optionmailtotoPopup"></div>
<p>New mail<button id="optionmailtobuttonCopy">Copy</button><textarea id="optionmailtocopyToText"></textarea></p>
</div>
</div>
<div><img /></div>
<p>&nbsp;</p>

<p>Année scolaire 2022-2023 ORGANISATION Direction:  MMe Françoise Clément &nbsp; &nbsp; &nbsp; &nbsp; &nbsp; Secrétariat: Pour la facturation et l’administratif : Mmes Vanessa et Oriane &nbsp; &nbsp; 3 classes en maternelle: Accueil – M1: Mme Véronique Meyrant et Mme Marina De Carvalho Mendes&hellip; <br /><a class="read-more-button" href="https://ecolesainteuniontournai.be/?page_id=26">Savoir plus</a></p>
