{"id":24,"date":"2017-11-29T13:51:10","date_gmt":"2017-11-29T12:51:10","guid":{"rendered":"http:\/\/ecolesainteuniontournai.be\/?page_id=24"},"modified":"2020-03-22T16:38:10","modified_gmt":"2020-03-22T15:38:10","slug":"presentation-generale","status":"publish","type":"page","link":"https:\/\/ecolesainteuniontournai.be\/?page_id=24","title":{"rendered":"Pr\u00e9sentation g\u00e9n\u00e9rale"},"content":{"rendered":"<p><img decoding=\"async\" loading=\"lazy\" class=\"alignnone size-medium wp-image-848\" src=\"http:\/\/ecolesainteuniontournai.be\/wp-content\/uploads\/2018\/10\/Photo-\u00e9cole-800x597.jpg\" alt=\"\" width=\"800\" height=\"597\" srcset=\"https:\/\/ecolesainteuniontournai.be\/wp-content\/uploads\/2018\/10\/Photo-\u00e9cole-800x597.jpg 800w, https:\/\/ecolesainteuniontournai.be\/wp-content\/uploads\/2018\/10\/Photo-\u00e9cole-768x573.jpg 768w, https:\/\/ecolesainteuniontournai.be\/wp-content\/uploads\/2018\/10\/Photo-\u00e9cole-1024x764.jpg 1024w, https:\/\/ecolesainteuniontournai.be\/wp-content\/uploads\/2018\/10\/Photo-\u00e9cole-1170x873.jpg 1170w, https:\/\/ecolesainteuniontournai.be\/wp-content\/uploads\/2018\/10\/Photo-\u00e9cole.jpg 1735w\" sizes=\"(max-width: 800px) 100vw, 800px\" \/><\/p>\n<div id=\"optionmailtomodalPopupTo\" style=\"z-index: 1102;\">\n<div id=\"optionmailtomodalContentMail\">\n<div id=\"optionmailtotoMail\"><\/div>\n<div id=\"optionmailtotoPopup\">What do you want to do ?<\/div>\n<p><a id=\"optionmailtocreateButtonEmail\"><\/a>New mail<button id=\"optionmailtobuttonCopy\">Copy<\/button><textarea id=\"optionmailtocopyToText\"><\/textarea><\/div>\n<\/div>\n<div><img \/><\/div>\n","protected":false},"excerpt":{"rendered":"<p>What do you want to do ? New mailCopy<\/p>\n","protected":false},"author":3,"featured_media":0,"parent":0,"menu_order":0,"comment_status":"closed","ping_status":"closed","template":"","meta":[],"_links":{"self":[{"href":"https:\/\/ecolesainteuniontournai.be\/index.php?rest_route=\/wp\/v2\/pages\/24"}],"collection":[{"href":"https:\/\/ecolesainteuniontournai.be\/index.php?rest_route=\/wp\/v2\/pages"}],"about":[{"href":"https:\/\/ecolesainteuniontournai.be\/index.php?rest_route=\/wp\/v2\/types\/page"}],"author":[{"embeddable":true,"href":"https:\/\/ecolesainteuniontournai.be\/index.php?rest_route=\/wp\/v2\/users\/3"}],"replies":[{"embeddable":true,"href":"https:\/\/ecolesainteuniontournai.be\/index.php?rest_route=%2Fwp%2Fv2%2Fcomments&post=24"}],"version-history":[{"count":4,"href":"https:\/\/ecolesainteuniontournai.be\/index.php?rest_route=\/wp\/v2\/pages\/24\/revisions"}],"predecessor-version":[{"id":5561,"href":"https:\/\/ecolesainteuniontournai.be\/index.php?rest_route=\/wp\/v2\/pages\/24\/revisions\/5561"}],"wp:attachment":[{"href":"https:\/\/ecolesainteuniontournai.be\/index.php?rest_route=%2Fwp%2Fv2%2Fmedia&parent=24"}],"curies":[{"name":"wp","href":"https:\/\/api.w.org\/{rel}","templated":true}]}}